{"id":15,"date":"2019-08-01T12:13:18","date_gmt":"2019-08-01T10:13:18","guid":{"rendered":"http:\/\/www.earlyromankings.de\/?page_id=15"},"modified":"2023-10-25T20:48:28","modified_gmt":"2023-10-25T18:48:28","slug":"about","status":"publish","type":"page","link":"https:\/\/www.earlyromankings.de\/home\/about\/","title":{"rendered":"About"},"content":{"rendered":"\t\t<div data-elementor-type=\"wp-post\" data-elementor-id=\"15\" class=\"elementor elementor-15\">\n\t\t\t\t\t\t\t\t\t<section class=\"elementor-section elementor-top-section elementor-element elementor-element-54c146a elementor-section-boxed elementor-section-height-default elementor-section-height-default\" data-id=\"54c146a\" data-element_type=\"section\">\n\t\t\t\t\t\t<div class=\"elementor-container elementor-column-gap-default\">\n\t\t\t\t\t<div class=\"elementor-column elementor-col-100 elementor-top-column elementor-element elementor-element-7a4d851\" data-id=\"7a4d851\" data-element_type=\"column\">\n\t\t\t<div class=\"elementor-widget-wrap elementor-element-populated\">\n\t\t\t\t\t\t\t\t<div class=\"elementor-element elementor-element-bdad3c7 elementor-widget elementor-widget-spacer\" data-id=\"bdad3c7\" data-element_type=\"widget\" data-widget_type=\"spacer.default\">\n\t\t\t\t<div class=\"elementor-widget-container\">\n\t\t\t\t\t<div class=\"elementor-spacer\">\n\t\t\t<div class=\"elementor-spacer-inner\"><\/div>\n\t\t<\/div>\n\t\t\t\t<\/div>\n\t\t\t\t<\/div>\n\t\t\t\t\t<\/div>\n\t\t<\/div>\n\t\t\t\t\t\t\t<\/div>\n\t\t<\/section>\n\t\t\t\t<section class=\"elementor-section elementor-top-section elementor-element elementor-element-2c0eddf elementor-section-height-min-height elementor-section-boxed elementor-section-height-default elementor-section-items-middle\" data-id=\"2c0eddf\" data-element_type=\"section\" data-settings=\"{&quot;background_background&quot;:&quot;classic&quot;}\">\n\t\t\t\t\t\t<div class=\"elementor-container elementor-column-gap-default\">\n\t\t\t\t\t<div class=\"elementor-column elementor-col-50 elementor-top-column elementor-element elementor-element-fdb8cd\" data-id=\"fdb8cd\" data-element_type=\"column\">\n\t\t\t<div class=\"elementor-widget-wrap elementor-element-populated\">\n\t\t\t\t\t\t\t\t<div class=\"elementor-element elementor-element-69ff9a77 elementor-widget elementor-widget-heading\" data-id=\"69ff9a77\" data-element_type=\"widget\" data-widget_type=\"heading.default\">\n\t\t\t\t<div class=\"elementor-widget-container\">\n\t\t\t<h2 class=\"elementor-heading-title elementor-size-medium\">New Cat In Town!<\/h2>\t\t<\/div>\n\t\t\t\t<\/div>\n\t\t\t\t<div class=\"elementor-element elementor-element-161e23b2 elementor-widget elementor-widget-text-editor\" data-id=\"161e23b2\" data-element_type=\"widget\" data-widget_type=\"text-editor.default\">\n\t\t\t\t<div class=\"elementor-widget-container\">\n\t\t\t\t\t\t\t<p><span style=\"font-size: large;\">Die Early Roman Kings lassen mit ihrem Deb\u00fctalbum \u201eNew Cat In Town\u201c den Vibe der goldenen \u00c4ra des Gitarrentrios neu aufleben.<\/span><\/p><p><span style=\"font-size: large;\">Begonnen haben die drei Musiker mit dem Covern der gro\u00dfen Legenden wie Jimi Hendrix, Cream, B.B. King und Stevie Ray Vaughan. Tief verwurzelt im Sound dieser \u00c4ra entwickelt das Trio in zahlreichen Liveshows ihren ganz eigenen Stil, der heute in ihren eigenen Songs zu h\u00f6ren ist. Der Sound ihres Deb\u00fctalbums lebt vom energiegeladenen Dialog, bei dem keines der Bandmitglieder in den Hintergrund tritt. So wird auch jedes Liveevent zu einem einzigartigen Erlebnis, bei dem neben den eigenen Songs auch modern arrangierte Klassiker und virtuose Improvisationen zelebriert werden.<\/span><\/p>\t\t\t\t\t\t<\/div>\n\t\t\t\t<\/div>\n\t\t\t\t<div class=\"elementor-element elementor-element-31a63f3a elementor-button-info elementor-align-left elementor-widget elementor-widget-button\" data-id=\"31a63f3a\" data-element_type=\"widget\" data-widget_type=\"button.default\">\n\t\t\t\t<div class=\"elementor-widget-container\">\n\t\t\t\t\t<div class=\"elementor-button-wrapper\">\n\t\t\t<a class=\"elementor-button elementor-button-link elementor-size-sm\" href=\"https:\/\/www.earlyromankings.de\/live\/\">\n\t\t\t\t\t\t<span class=\"elementor-button-content-wrapper\">\n\t\t\t\t\t\t<span class=\"elementor-button-text\">Live Shows<\/span>\n\t\t<\/span>\n\t\t\t\t\t<\/a>\n\t\t<\/div>\n\t\t\t\t<\/div>\n\t\t\t\t<\/div>\n\t\t\t\t\t<\/div>\n\t\t<\/div>\n\t\t\t\t<div class=\"elementor-column elementor-col-50 elementor-top-column elementor-element elementor-element-3bce365d\" data-id=\"3bce365d\" data-element_type=\"column\">\n\t\t\t<div class=\"elementor-widget-wrap\">\n\t\t\t\t\t\t\t\t\t<\/div>\n\t\t<\/div>\n\t\t\t\t\t\t\t<\/div>\n\t\t<\/section>\n\t\t\t\t<section class=\"elementor-section elementor-top-section elementor-element elementor-element-14be7e7 elementor-section-boxed elementor-section-height-default elementor-section-height-default\" data-id=\"14be7e7\" data-element_type=\"section\">\n\t\t\t\t\t\t<div class=\"elementor-container elementor-column-gap-no\">\n\t\t\t\t\t<div class=\"elementor-column elementor-col-100 elementor-top-column elementor-element elementor-element-767cd794\" data-id=\"767cd794\" data-element_type=\"column\">\n\t\t\t<div class=\"elementor-widget-wrap elementor-element-populated\">\n\t\t\t\t\t\t\t\t<div class=\"elementor-element elementor-element-34908ad4 elementor-widget elementor-widget-heading\" data-id=\"34908ad4\" data-element_type=\"widget\" data-widget_type=\"heading.default\">\n\t\t\t\t<div class=\"elementor-widget-container\">\n\t\t\t<h2 class=\"elementor-heading-title elementor-size-large\">DIe Band<\/h2>\t\t<\/div>\n\t\t\t\t<\/div>\n\t\t\t\t<section class=\"elementor-section elementor-inner-section elementor-element elementor-element-3b7b2b70 elementor-section-boxed elementor-section-height-default elementor-section-height-default\" data-id=\"3b7b2b70\" data-element_type=\"section\" data-settings=\"{&quot;background_background&quot;:&quot;classic&quot;}\">\n\t\t\t\t\t\t<div class=\"elementor-container elementor-column-gap-no\">\n\t\t\t\t\t<div class=\"elementor-column elementor-col-33 elementor-inner-column elementor-element elementor-element-74b4750c\" data-id=\"74b4750c\" data-element_type=\"column\" data-settings=\"{&quot;background_background&quot;:&quot;classic&quot;}\">\n\t\t\t<div class=\"elementor-widget-wrap elementor-element-populated\">\n\t\t\t\t\t\t\t\t<div class=\"elementor-element elementor-element-36092cd7 elementor-widget elementor-widget-image\" data-id=\"36092cd7\" data-element_type=\"widget\" data-widget_type=\"image.default\">\n\t\t\t\t<div class=\"elementor-widget-container\">\n\t\t\t\t\t\t\t\t\t\t\t\t\t\t\t<img decoding=\"async\" loading=\"lazy\" width=\"4718\" height=\"3145\" src=\"https:\/\/www.earlyromankings.de\/wp-content\/uploads\/2019\/08\/IMG_5691k.jpg\" class=\"attachment-full size-full wp-image-60\" alt=\"\" srcset=\"https:\/\/www.earlyromankings.de\/wp-content\/uploads\/2019\/08\/IMG_5691k.jpg 4718w, https:\/\/www.earlyromankings.de\/wp-content\/uploads\/2019\/08\/IMG_5691k-300x200.jpg 300w, https:\/\/www.earlyromankings.de\/wp-content\/uploads\/2019\/08\/IMG_5691k-768x512.jpg 768w, https:\/\/www.earlyromankings.de\/wp-content\/uploads\/2019\/08\/IMG_5691k-1024x683.jpg 1024w\" sizes=\"(max-width: 4718px) 100vw, 4718px\" \/>\t\t\t\t\t\t\t\t\t\t\t\t\t\t\t<\/div>\n\t\t\t\t<\/div>\n\t\t\t\t<div class=\"elementor-element elementor-element-6586e63c elementor-widget elementor-widget-heading\" data-id=\"6586e63c\" data-element_type=\"widget\" data-widget_type=\"heading.default\">\n\t\t\t\t<div class=\"elementor-widget-container\">\n\t\t\t<h3 class=\"elementor-heading-title elementor-size-large\">ROman Hernitscheck<\/h3>\t\t<\/div>\n\t\t\t\t<\/div>\n\t\t\t\t<div class=\"elementor-element elementor-element-45b65395 elementor-widget-divider--view-line elementor-widget elementor-widget-divider\" data-id=\"45b65395\" data-element_type=\"widget\" data-widget_type=\"divider.default\">\n\t\t\t\t<div class=\"elementor-widget-container\">\n\t\t\t\t\t<div class=\"elementor-divider\">\n\t\t\t<span class=\"elementor-divider-separator\">\n\t\t\t\t\t\t<\/span>\n\t\t<\/div>\n\t\t\t\t<\/div>\n\t\t\t\t<\/div>\n\t\t\t\t<div class=\"elementor-element elementor-element-4eb56e8 elementor-widget elementor-widget-text-editor\" data-id=\"4eb56e8\" data-element_type=\"widget\" data-widget_type=\"text-editor.default\">\n\t\t\t\t<div class=\"elementor-widget-container\">\n\t\t\t\t\t\t\t<p>Guitar &amp; Lead Vocals<\/p>\t\t\t\t\t\t<\/div>\n\t\t\t\t<\/div>\n\t\t\t\t\t<\/div>\n\t\t<\/div>\n\t\t\t\t<div class=\"elementor-column elementor-col-33 elementor-inner-column elementor-element elementor-element-5355f7f8\" data-id=\"5355f7f8\" data-element_type=\"column\" data-settings=\"{&quot;background_background&quot;:&quot;classic&quot;}\">\n\t\t\t<div class=\"elementor-widget-wrap elementor-element-populated\">\n\t\t\t\t\t\t\t\t<div class=\"elementor-element elementor-element-61eca39 elementor-widget elementor-widget-image\" data-id=\"61eca39\" data-element_type=\"widget\" data-widget_type=\"image.default\">\n\t\t\t\t<div class=\"elementor-widget-container\">\n\t\t\t\t\t\t\t\t\t\t\t\t\t\t\t<img decoding=\"async\" loading=\"lazy\" width=\"4791\" height=\"3194\" src=\"https:\/\/www.earlyromankings.de\/wp-content\/uploads\/2019\/08\/IMG_5688k.jpg\" class=\"attachment-full size-full wp-image-61\" alt=\"\" srcset=\"https:\/\/www.earlyromankings.de\/wp-content\/uploads\/2019\/08\/IMG_5688k.jpg 4791w, https:\/\/www.earlyromankings.de\/wp-content\/uploads\/2019\/08\/IMG_5688k-300x200.jpg 300w, https:\/\/www.earlyromankings.de\/wp-content\/uploads\/2019\/08\/IMG_5688k-768x512.jpg 768w, https:\/\/www.earlyromankings.de\/wp-content\/uploads\/2019\/08\/IMG_5688k-1024x683.jpg 1024w\" sizes=\"(max-width: 4791px) 100vw, 4791px\" \/>\t\t\t\t\t\t\t\t\t\t\t\t\t\t\t<\/div>\n\t\t\t\t<\/div>\n\t\t\t\t<div class=\"elementor-element elementor-element-3da38a04 elementor-widget elementor-widget-heading\" data-id=\"3da38a04\" data-element_type=\"widget\" data-widget_type=\"heading.default\">\n\t\t\t\t<div class=\"elementor-widget-container\">\n\t\t\t<h3 class=\"elementor-heading-title elementor-size-large\">Philipp J\u00f6ckle<\/h3>\t\t<\/div>\n\t\t\t\t<\/div>\n\t\t\t\t<div class=\"elementor-element elementor-element-66e11a00 elementor-widget-divider--view-line elementor-widget elementor-widget-divider\" data-id=\"66e11a00\" data-element_type=\"widget\" data-widget_type=\"divider.default\">\n\t\t\t\t<div class=\"elementor-widget-container\">\n\t\t\t\t\t<div class=\"elementor-divider\">\n\t\t\t<span class=\"elementor-divider-separator\">\n\t\t\t\t\t\t<\/span>\n\t\t<\/div>\n\t\t\t\t<\/div>\n\t\t\t\t<\/div>\n\t\t\t\t<div class=\"elementor-element elementor-element-75973f2e elementor-widget elementor-widget-text-editor\" data-id=\"75973f2e\" data-element_type=\"widget\" data-widget_type=\"text-editor.default\">\n\t\t\t\t<div class=\"elementor-widget-container\">\n\t\t\t\t\t\t\t<p>Bass Guitar<\/p>\t\t\t\t\t\t<\/div>\n\t\t\t\t<\/div>\n\t\t\t\t\t<\/div>\n\t\t<\/div>\n\t\t\t\t<div class=\"elementor-column elementor-col-33 elementor-inner-column elementor-element elementor-element-5e8e90b3\" data-id=\"5e8e90b3\" data-element_type=\"column\" data-settings=\"{&quot;background_background&quot;:&quot;classic&quot;}\">\n\t\t\t<div class=\"elementor-widget-wrap elementor-element-populated\">\n\t\t\t\t\t\t\t\t<div class=\"elementor-element elementor-element-805267a elementor-widget elementor-widget-image\" data-id=\"805267a\" data-element_type=\"widget\" data-widget_type=\"image.default\">\n\t\t\t\t<div class=\"elementor-widget-container\">\n\t\t\t\t\t\t\t\t\t\t\t\t\t\t\t<img decoding=\"async\" loading=\"lazy\" width=\"5052\" height=\"3368\" src=\"https:\/\/www.earlyromankings.de\/wp-content\/uploads\/2019\/08\/IMG_5685k.jpg\" class=\"attachment-full size-full wp-image-62\" alt=\"\" srcset=\"https:\/\/www.earlyromankings.de\/wp-content\/uploads\/2019\/08\/IMG_5685k.jpg 5052w, https:\/\/www.earlyromankings.de\/wp-content\/uploads\/2019\/08\/IMG_5685k-300x200.jpg 300w, https:\/\/www.earlyromankings.de\/wp-content\/uploads\/2019\/08\/IMG_5685k-768x512.jpg 768w, https:\/\/www.earlyromankings.de\/wp-content\/uploads\/2019\/08\/IMG_5685k-1024x683.jpg 1024w\" sizes=\"(max-width: 5052px) 100vw, 5052px\" \/>\t\t\t\t\t\t\t\t\t\t\t\t\t\t\t<\/div>\n\t\t\t\t<\/div>\n\t\t\t\t<div class=\"elementor-element elementor-element-a580506 elementor-widget elementor-widget-heading\" data-id=\"a580506\" data-element_type=\"widget\" data-widget_type=\"heading.default\">\n\t\t\t\t<div class=\"elementor-widget-container\">\n\t\t\t<h3 class=\"elementor-heading-title elementor-size-large\">Bj\u00f6rn Etzel<\/h3>\t\t<\/div>\n\t\t\t\t<\/div>\n\t\t\t\t<div class=\"elementor-element elementor-element-eb80554 elementor-widget-divider--view-line elementor-widget elementor-widget-divider\" data-id=\"eb80554\" data-element_type=\"widget\" data-widget_type=\"divider.default\">\n\t\t\t\t<div class=\"elementor-widget-container\">\n\t\t\t\t\t<div class=\"elementor-divider\">\n\t\t\t<span class=\"elementor-divider-separator\">\n\t\t\t\t\t\t<\/span>\n\t\t<\/div>\n\t\t\t\t<\/div>\n\t\t\t\t<\/div>\n\t\t\t\t<div class=\"elementor-element elementor-element-ac47656 elementor-widget elementor-widget-text-editor\" data-id=\"ac47656\" data-element_type=\"widget\" data-widget_type=\"text-editor.default\">\n\t\t\t\t<div class=\"elementor-widget-container\">\n\t\t\t\t\t\t\t<p>Drums &amp; Backing Vocals<\/p>\t\t\t\t\t\t<\/div>\n\t\t\t\t<\/div>\n\t\t\t\t\t<\/div>\n\t\t<\/div>\n\t\t\t\t\t\t\t<\/div>\n\t\t<\/section>\n\t\t\t\t\t<\/div>\n\t\t<\/div>\n\t\t\t\t\t\t\t<\/div>\n\t\t<\/section>\n\t\t\t\t<section class=\"elementor-section elementor-top-section elementor-element elementor-element-3f85d29f elementor-section-boxed elementor-section-height-default elementor-section-height-default\" data-id=\"3f85d29f\" data-element_type=\"section\">\n\t\t\t\t\t\t<div class=\"elementor-container elementor-column-gap-default\">\n\t\t\t\t\t<div class=\"elementor-column elementor-col-100 elementor-top-column elementor-element elementor-element-c0cef4\" data-id=\"c0cef4\" data-element_type=\"column\">\n\t\t\t<div class=\"elementor-widget-wrap elementor-element-populated\">\n\t\t\t\t\t\t\t\t<div class=\"elementor-element elementor-element-2a55542b elementor-widget elementor-widget-heading\" data-id=\"2a55542b\" data-element_type=\"widget\" data-widget_type=\"heading.default\">\n\t\t\t\t<div class=\"elementor-widget-container\">\n\t\t\t<h2 class=\"elementor-heading-title elementor-size-large\">G\u00e4ste<\/h2>\t\t<\/div>\n\t\t\t\t<\/div>\n\t\t\t\t\t<\/div>\n\t\t<\/div>\n\t\t\t\t\t\t\t<\/div>\n\t\t<\/section>\n\t\t\t\t<section class=\"elementor-section elementor-top-section elementor-element elementor-element-0375b3a elementor-section-boxed elementor-section-height-default elementor-section-height-default\" data-id=\"0375b3a\" data-element_type=\"section\">\n\t\t\t\t\t\t<div class=\"elementor-container elementor-column-gap-default\">\n\t\t\t\t\t<div class=\"elementor-column elementor-col-50 elementor-top-column elementor-element elementor-element-7b66fcb\" data-id=\"7b66fcb\" data-element_type=\"column\">\n\t\t\t<div class=\"elementor-widget-wrap elementor-element-populated\">\n\t\t\t\t\t\t\t\t<div class=\"elementor-element elementor-element-fe9d62a elementor-widget elementor-widget-image\" data-id=\"fe9d62a\" data-element_type=\"widget\" data-widget_type=\"image.default\">\n\t\t\t\t<div class=\"elementor-widget-container\">\n\t\t\t\t\t\t\t\t\t\t\t\t\t\t\t<img decoding=\"async\" loading=\"lazy\" width=\"1024\" height=\"684\" src=\"https:\/\/www.earlyromankings.de\/wp-content\/uploads\/2019\/11\/IMG_3427k-1024x684.jpg\" class=\"attachment-large size-large wp-image-110\" alt=\"\" srcset=\"https:\/\/www.earlyromankings.de\/wp-content\/uploads\/2019\/11\/IMG_3427k-1024x684.jpg 1024w, https:\/\/www.earlyromankings.de\/wp-content\/uploads\/2019\/11\/IMG_3427k-300x200.jpg 300w, https:\/\/www.earlyromankings.de\/wp-content\/uploads\/2019\/11\/IMG_3427k-768x513.jpg 768w\" sizes=\"(max-width: 1024px) 100vw, 1024px\" \/>\t\t\t\t\t\t\t\t\t\t\t\t\t\t\t<\/div>\n\t\t\t\t<\/div>\n\t\t\t\t\t<\/div>\n\t\t<\/div>\n\t\t\t\t<div class=\"elementor-column elementor-col-50 elementor-top-column elementor-element elementor-element-ab67cfd\" data-id=\"ab67cfd\" data-element_type=\"column\">\n\t\t\t<div class=\"elementor-widget-wrap elementor-element-populated\">\n\t\t\t\t\t\t\t\t<div class=\"elementor-element elementor-element-b7582f1 elementor-widget elementor-widget-heading\" data-id=\"b7582f1\" data-element_type=\"widget\" data-widget_type=\"heading.default\">\n\t\t\t\t<div class=\"elementor-widget-container\">\n\t\t\t<h2 class=\"elementor-heading-title elementor-size-default\">DANIELA KASTNER-HERNITSCHECK<br>Vocals<\/h2>\t\t<\/div>\n\t\t\t\t<\/div>\n\t\t\t\t\t<\/div>\n\t\t<\/div>\n\t\t\t\t\t\t\t<\/div>\n\t\t<\/section>\n\t\t\t\t<section class=\"elementor-section elementor-top-section elementor-element elementor-element-1ac9695 elementor-section-boxed elementor-section-height-default elementor-section-height-default\" data-id=\"1ac9695\" data-element_type=\"section\">\n\t\t\t\t\t\t<div class=\"elementor-container elementor-column-gap-default\">\n\t\t\t\t\t<div class=\"elementor-column elementor-col-50 elementor-top-column elementor-element elementor-element-82d141b\" data-id=\"82d141b\" data-element_type=\"column\">\n\t\t\t<div class=\"elementor-widget-wrap elementor-element-populated\">\n\t\t\t\t\t\t\t\t<div class=\"elementor-element elementor-element-f07f7d5 elementor-widget elementor-widget-heading\" data-id=\"f07f7d5\" data-element_type=\"widget\" data-widget_type=\"heading.default\">\n\t\t\t\t<div class=\"elementor-widget-container\">\n\t\t\t<h2 class=\"elementor-heading-title elementor-size-default\"><a href=\"https:\/\/www.keys-n-stix.de\/\">STEFFEN SCHUHMACHER<br>Keys<\/a><\/h2>\t\t<\/div>\n\t\t\t\t<\/div>\n\t\t\t\t\t<\/div>\n\t\t<\/div>\n\t\t\t\t<div class=\"elementor-column elementor-col-50 elementor-top-column elementor-element elementor-element-311809a\" data-id=\"311809a\" data-element_type=\"column\">\n\t\t\t<div class=\"elementor-widget-wrap elementor-element-populated\">\n\t\t\t\t\t\t\t\t<div class=\"elementor-element elementor-element-bee0972 elementor-widget elementor-widget-image\" data-id=\"bee0972\" data-element_type=\"widget\" data-widget_type=\"image.default\">\n\t\t\t\t<div class=\"elementor-widget-container\">\n\t\t\t\t\t\t\t\t\t\t\t\t\t\t\t<img decoding=\"async\" loading=\"lazy\" width=\"1024\" height=\"682\" src=\"https:\/\/www.earlyromankings.de\/wp-content\/uploads\/2019\/11\/WhatsApp-Image-2019-11-10-at-14.26.39-1024x682.jpeg\" class=\"attachment-large size-large wp-image-108\" alt=\"\" srcset=\"https:\/\/www.earlyromankings.de\/wp-content\/uploads\/2019\/11\/WhatsApp-Image-2019-11-10-at-14.26.39-1024x682.jpeg 1024w, https:\/\/www.earlyromankings.de\/wp-content\/uploads\/2019\/11\/WhatsApp-Image-2019-11-10-at-14.26.39-300x200.jpeg 300w, https:\/\/www.earlyromankings.de\/wp-content\/uploads\/2019\/11\/WhatsApp-Image-2019-11-10-at-14.26.39-768x512.jpeg 768w, https:\/\/www.earlyromankings.de\/wp-content\/uploads\/2019\/11\/WhatsApp-Image-2019-11-10-at-14.26.39.jpeg 1600w\" sizes=\"(max-width: 1024px) 100vw, 1024px\" \/>\t\t\t\t\t\t\t\t\t\t\t\t\t\t\t<\/div>\n\t\t\t\t<\/div>\n\t\t\t\t\t<\/div>\n\t\t<\/div>\n\t\t\t\t\t\t\t<\/div>\n\t\t<\/section>\n\t\t\t\t\t\t\t<\/div>\n\t\t","protected":false},"excerpt":{"rendered":"<p>New Cat In Town! Die Early Roman Kings lassen mit ihrem Deb\u00fctalbum \u201eNew Cat In Town\u201c den Vibe der goldenen \u00c4ra des Gitarrentrios neu aufleben. Begonnen haben die drei Musiker mit dem Covern der gro\u00dfen Legenden wie Jimi Hendrix, Cream, B.B. King und Stevie Ray Vaughan. Tief verwurzelt im Sound dieser \u00c4ra entwickelt das Trio [&hellip;]<\/p>\n","protected":false},"author":1,"featured_media":0,"parent":0,"menu_order":0,"comment_status":"closed","ping_status":"closed","template":"","meta":{"footnotes":""},"_links":{"self":[{"href":"https:\/\/www.earlyromankings.de\/home\/wp-json\/wp\/v2\/pages\/15"}],"collection":[{"href":"https:\/\/www.earlyromankings.de\/home\/wp-json\/wp\/v2\/pages"}],"about":[{"href":"https:\/\/www.earlyromankings.de\/home\/wp-json\/wp\/v2\/types\/page"}],"author":[{"embeddable":true,"href":"https:\/\/www.earlyromankings.de\/home\/wp-json\/wp\/v2\/users\/1"}],"replies":[{"embeddable":true,"href":"https:\/\/www.earlyromankings.de\/home\/wp-json\/wp\/v2\/comments?post=15"}],"version-history":[{"count":31,"href":"https:\/\/www.earlyromankings.de\/home\/wp-json\/wp\/v2\/pages\/15\/revisions"}],"predecessor-version":[{"id":276,"href":"https:\/\/www.earlyromankings.de\/home\/wp-json\/wp\/v2\/pages\/15\/revisions\/276"}],"wp:attachment":[{"href":"https:\/\/www.earlyromankings.de\/home\/wp-json\/wp\/v2\/media?parent=15"}],"curies":[{"name":"wp","href":"https:\/\/api.w.org\/{rel}","templated":true}]}}